{"id":78176,"date":"2025-08-19T13:31:32","date_gmt":"2025-08-19T11:31:32","guid":{"rendered":"https:\/\/immolaescapada.com\/property\/ima-vx1111\/"},"modified":"2026-03-16T09:48:29","modified_gmt":"2026-03-16T08:48:29","slug":"ima-vx1111","status":"publish","type":"property","link":"https:\/\/immolaescapada.com\/es\/property-es\/ima-vx1111\/","title":{"rendered":"Benitachell"},"content":{"rendered":"<p> \u00bfEst\u00e1 buscando la escapada perfecta del ajetreo y el bullicio de la vida cotidiana? Descubra nuestra hermosa y moderna villa en Cumbre del Sol, idealmente situada entre Moraira y J\u00e1vea. Esta villa de lujo ofrece el m\u00e1ximo nivel de estilo y confort, con impresionantes vistas al mar y una piscina privada donde podr\u00e1 relajarse y disfrutar del clima mediterr\u00e1neo.<br \/>Esta propiedad \u00fanica es una aut\u00e9ntica obra maestra que combina a la perfecci\u00f3n dise\u00f1o moderno y belleza natural. Construida con materiales de primera calidad y acabados de lujo, la villa cumple con los m\u00e1s altos est\u00e1ndares y adem\u00e1s cuenta todav\u00eda con una garant\u00eda de construcci\u00f3n vigente. Descubra las \u00faltimas tecnolog\u00edas y los elementos de lujo que hacen que vivir en la Costa Blanca sea tan atractivo.<br \/>Con m\u00e1s de 30 a\u00f1os de experiencia en el desarrollo de viviendas exclusivas, esta villa fue construida recientemente por una reconocida empresa constructora. La atenci\u00f3n al detalle y el uso de materiales de lujo se perciben en cada estancia. Amplios espacios abiertos, abundante luz natural y comodidades modernas como aire acondicionado, suelo radiante, sistema de ventilaci\u00f3n y dom\u00f3tica convierten esta villa en un verdadero oasis de confort.<br \/>La vivienda se distribuye inteligentemente en dos plantas, donde la comodidad y la funcionalidad son protagonistas. A trav\u00e9s de una puerta corredera autom\u00e1tica se accede a la parcela, donde encontrar\u00e1 garaje con espacio para dos coches y una zona adicional de almacenamiento.<br \/>Una elegante escalera iluminada conduce a la primera planta, donde se encuentra el recibidor, con guardarropa y un pr\u00e1ctico cuarto t\u00e9cnico con lavadero y armario de secado Siemens. El distribuidor nocturno da acceso a tres amplios dormitorios, cada uno con armarios empotrados a medida en madera de nogal y ba\u00f1o en suite.<br \/>El dormitorio principal dispone adem\u00e1s de un lujoso vestidor y un ba\u00f1o en suite con ducha a ras de suelo y ba\u00f1era. Conexiones de internet y TV, aire acondicionado y persianas el\u00e9ctricas forman parte del equipamiento est\u00e1ndar.<br \/>La cocina abierta de dise\u00f1o est\u00e1 equipada con electrodom\u00e9sticos Siemens de alta gama y ofrece todas las comodidades para los amantes de la cocina. El amplio sal\u00f3n-comedor, con mueble de TV de dise\u00f1o integrado en madera de nogal, se conecta con una gran terraza mediante generosas puertas correderas de la marca Sch\u00fcco, que proporcionan una sensaci\u00f3n de amplitud y unas vistas totalmente despejadas (con sistema retr\u00e1ctil en ambas paredes y umbrales empotrados).<br \/>Las pantallas autom\u00e1ticas el\u00e9ctricas de lujo de la marca Luxaflex permiten oscurecer y proteger completamente las superficies acristaladas.<br \/>Disfrute del sol en la gran terraza, que se abre hacia su piscina climatizada de agua salada con cubierta autom\u00e1tica, perfecta para el clima mediterr\u00e1neo. Un acogedor comedor exterior cubierto ofrece el entorno ideal para disfrutar de los d\u00edas y noches c\u00e1lidos, mientras que en la parte trasera del jard\u00edn encontrar\u00e1 una terraza adicional con zona de estar y ducha exterior, aportando un extra de confort y exclusividad.<br \/>Tanto si busca una residencia permanente como una vivienda vacacional, nuestra villa en Cumbre del Sol ofrece el entorno perfecto para crear recuerdos inolvidables con familiares y amigos.<br \/>\u00bfA qu\u00e9 est\u00e1 esperando? Descubra hoy mismo esta joya \u00fanica en la Costa Blanca y disfrute del estilo de vida que se merece.<br \/>No dude en contactarnos para m\u00e1s informaci\u00f3n o para concertar una visita. Estaremos encantados de ayudarle.<\/p>\n<p>                        <\/p>\n<p>Caracter\u00edsticas<\/p>\n<p> Piscina de agua salada con bomba de calor<\/p>\n<p> Persiana electr\u00f3nica autom\u00e1tica sobre la piscina<\/p>\n<p> Paneles solares en el tejado<\/p>\n<p> Sistema de riego en el jard\u00edn<\/p>\n<p> Todos los muebles en nogal<\/p>\n<p> Encimera de cocina combinada composite con nogal<\/p>\n<p> Todos los electrodom\u00e9sticos de cocina de la marca Siemens<\/p>\n<p> Todos los grifos y suelos de la marca Porcelanosa<\/p>\n<p> Los z\u00f3calos se integraron en todas partes<\/p>\n<p> Aire acondicionado integrado: fr\u00edo y calor por separado<\/p>\n<p> Calefacci\u00f3n central por suelo radiante mediante bomba de calor el\u00e9ctrica autom\u00e1ticacon circuitos individuales para todas las zonascontrol remoto mediante aplicaci\u00f3n m\u00f3vil (Apple)<\/p>\n<p> Sistema de ventilaci\u00f3n<\/p>\n<p> Ventanas correderas de aluminio : Sch\u00fcko branddouble, vidrio de seguridad con control solar<\/p>\n<p> Ventanas equipadas con mosquiteras con persianas el\u00e9ctricas<\/p>\n<p> Descalcificador de agua<\/p>\n<p> TV y conexi\u00f3n a Internet en todas las habitaciones<\/p>\n<p> Valla de acero inoxidable para terrazas<\/p>\n<p> Sala de noche con iluminaci\u00f3n autom\u00e1tica<\/p>\n<p> Interruptores integrados con USB<\/p>\n<p> Focos empotrables con regulador de intensidad<\/p>\n<p> Iluminaci\u00f3n exterior y c\u00e1maras<\/p>\n<p> Sistema dom\u00f3tico<\/p>\n<p> Videotel\u00e9fono<\/p>\n<p> La garant\u00eda de construcci\u00f3n sigue vigente<\/p>\n","protected":false},"excerpt":{"rendered":"<p> \u00bfEst\u00e1 buscando la escapada perfecta del ajetreo de la vida cotidiana? Descubra nuestra hermosa y moderna villa en Cumbre del Sol, idealmente situada entre Moraira y J\u00e1vea. Esta villa de lujo ofrece el m\u00e1ximo nivel de estilo y confort, con impresionantes vistas al mar y una piscina privada donde podr\u00e1 relajarse y disfrutar del clima mediterr\u00e1neo.<br \/>Esta propiedad \u00fanica es una aut\u00e9ntica obra maestra que combina a la perfecci\u00f3n dise\u00f1o moderno y belleza natural. Construida con materiales de primera calidad y acabados de lujo, la villa cumple con los m\u00e1s altos est\u00e1ndares y adem\u00e1s cuenta todav\u00eda con una garant\u00eda de construcci\u00f3n vigente. Descubra las \u00faltimas tecnolog\u00edas y los elementos de lujo que hacen que vivir en la Costa Blanca sea tan atractivo.<br \/>Con m\u00e1s de 30 a\u00f1os de experiencia en el desarrollo de viviendas exclusivas, esta villa fue construida recientemente por una reconocida empresa constructora. La atenci\u00f3n al detalle y el uso de materiales de lujo se perciben en cada estancia. Amplios espacios abiertos, abundante luz natural y comodidades modernas como aire acondicionado, suelo radiante, sistema de ventilaci\u00f3n y dom\u00f3tica convierten esta villa en un verdadero oasis de confort.<br \/>La vivienda se distribuye inteligentemente en dos plantas, donde la comodidad y la funcionalidad son protagonistas. A trav\u00e9s de una puerta corredera autom\u00e1tica se accede a la parcela, donde encontrar\u00e1 garaje con espacio para dos coches y una zona adicional de almacenamiento.<br \/>Una elegante escalera iluminada conduce a la primera planta, donde se encuentra el recibidor, con guardarropa y un pr\u00e1ctico cuarto t\u00e9cnico con lavadero y armario de secado Siemens. El distribuidor nocturno da acceso a tres amplios dormitorios, cada uno con armarios empotrados a medida en madera de nogal y ba\u00f1o en suite.<br \/>El dormitorio principal dispone adem\u00e1s de un lujoso vestidor y un ba\u00f1o en suite con ducha a ras de suelo y ba\u00f1era. Conexiones de internet y TV, aire acondicionado y persianas el\u00e9ctricas forman parte del equipamiento est\u00e1ndar.<br \/>La cocina abierta de dise\u00f1o est\u00e1 equipada con electrodom\u00e9sticos Siemens de alta gama y ofrece todas las comodidades para los amantes de la cocina. El amplio sal\u00f3n-comedor, con mueble de TV de dise\u00f1o integrado en madera de nogal, se conecta con una gran terraza mediante generosas puertas correderas de la marca Sch\u00fcco, que proporcionan una sensaci\u00f3n de amplitud y unas vistas totalmente despejadas (con sistema retr\u00e1ctil en ambas paredes y umbrales empotrados).<br \/>Las pantallas autom\u00e1ticas el\u00e9ctricas de lujo de la marca Luxaflex permiten oscurecer y proteger completamente las superficies acristaladas.<br \/>Disfrute del sol en la gran terraza, que se abre hacia su piscina climatizada de agua salada con cubierta autom\u00e1tica, perfecta para el clima mediterr\u00e1neo. Un acogedor comedor exterior cubierto ofrece el entorno ideal para disfrutar de los d\u00edas y noches c\u00e1lidos, mientras que en la parte trasera del jard\u00edn encontrar\u00e1 una terraza adicional con zona de estar y ducha exterior, aportando un extra de confort y exclusividad.<br \/>Tanto si busca una residencia permanente como una vivienda vacacional, nuestra villa en Cumbre del Sol ofrece el entorno perfecto para crear recuerdos inolvidables con familiares y amigos.<br \/>\u00bfA qu\u00e9 est\u00e1 esperando? Descubra hoy mismo esta joya \u00fanica en la Costa Blanca y disfrute del estilo de vida que se merece.<br \/>No dude en contactarnos para m\u00e1s informaci\u00f3n o para concertar una visita. Estaremos encantados de ayudarle.<\/p>\n<p>                        <\/p>\n<p>Caracter\u00edsticas<\/p>\n<p> Piscina de agua salada con bomba de calor<\/p>\n<p> Persiana electr\u00f3nica autom\u00e1tica sobre la piscina<\/p>\n<p> Paneles solares en el tejado<\/p>\n<p> Sistema de riego en el jard\u00edn<\/p>\n<p> Todos los muebles en nogal<\/p>\n<p> Encimera de cocina combinada composite con nogal<\/p>\n<p> Todos los electrodom\u00e9sticos de cocina de la marca Siemens<\/p>\n<p> Todos los grifos y suelos de la marca Porcelanosa<\/p>\n<p> Los z\u00f3calos se integraron en todas partes<\/p>\n<p> Aire acondicionado integrado: fr\u00edo y calor por separado<\/p>\n<p> Calefacci\u00f3n central por suelo radiante mediante bomba de calor el\u00e9ctrica autom\u00e1ticacon circuitos individuales para todas las zonascontrol remoto mediante aplicaci\u00f3n m\u00f3vil (Apple)<\/p>\n<p> Sistema de ventilaci\u00f3n<\/p>\n<p> Ventanas correderas de aluminio : Sch\u00fcko branddouble, vidrio de seguridad con control solar<\/p>\n<p> Ventanas equipadas con mosquiteras con persianas el\u00e9ctricas<\/p>\n<p> Descalcificador de agua<\/p>\n<p> TV y conexi\u00f3n a Internet en todas las habitaciones<\/p>\n<p> Valla de acero inoxidable para terrazas<\/p>\n<p> Sala de noche con iluminaci\u00f3n autom\u00e1tica<\/p>\n<p> Interruptores integrados con USB<\/p>\n<p> Focos empotrables con regulador de intensidad<\/p>\n<p> Iluminaci\u00f3n exterior y c\u00e1maras<\/p>\n<p> Sistema dom\u00f3tico<\/p>\n<p> Videotel\u00e9fono<\/p>\n<p> La garant\u00eda de construcci\u00f3n sigue vigente<\/p>\n","protected":false},"author":261701424,"featured_media":77548,"parent":0,"menu_order":0,"template":"","property_type":[778226537],"property_status":[778227123],"property_feature":[],"property_label":[],"property_city":[],"class_list":["post-78176","property","type-property","status-publish","has-post-thumbnail","hentry","property_type-villa","property_status-for-sale-es"],"aioseo_notices":[],"property_meta":{"fave_featured":["0"],"houzez_featured_listing_date":[""],"fave_property_images":["77545","77549","77553","77565","77569","77573","77577","77581","77585","77589","77593","77597","77601","79931","79935"],"fave_single_top_area":["global"],"_top_nav_excluded":[""],"_cms_nav_minihome":[""],"houzez_geolocation_lat":[""],"houzez_geolocation_long":[""],"_thumbnail_id":["77548"],"_wpml_word_count":["1594"],"_last_translation_edit_mode":["translation-editor"],"fave_property_size":["331"],"fave_property_bedrooms":["3"],"fave_property_bathrooms":["3"],"fave_property_id":["IMA-VX1111"],"fave_property_map":["1"],"houzez_total_property_views":["50"],"houzez_views_by_date":["a:37:{s:10:\"08-23-2025\";i:1;s:10:\"09-01-2025\";i:1;s:10:\"09-05-2025\";i:1;s:10:\"09-09-2025\";i:1;s:10:\"09-19-2025\";i:1;s:10:\"09-25-2025\";i:1;s:10:\"09-26-2025\";i:1;s:10:\"11-14-2025\";i:1;s:10:\"11-16-2025\";i:1;s:10:\"11-19-2025\";i:1;s:10:\"11-20-2025\";i:1;s:10:\"11-22-2025\";i:1;s:10:\"12-03-2025\";i:2;s:10:\"12-07-2025\";i:1;s:10:\"12-12-2025\";i:1;s:10:\"12-31-2025\";i:1;s:10:\"01-04-2026\";i:1;s:10:\"01-09-2026\";i:1;s:10:\"01-17-2026\";i:1;s:10:\"01-18-2026\";i:1;s:10:\"01-21-2026\";i:1;s:10:\"01-22-2026\";i:1;s:10:\"01-27-2026\";i:1;s:10:\"02-08-2026\";i:1;s:10:\"02-21-2026\";i:8;s:10:\"02-28-2026\";i:2;s:10:\"03-03-2026\";i:1;s:10:\"03-04-2026\";i:1;s:10:\"03-07-2026\";i:1;s:10:\"03-30-2026\";i:2;s:10:\"03-31-2026\";i:1;s:10:\"04-02-2026\";i:3;s:10:\"04-05-2026\";i:2;s:10:\"04-10-2026\";i:1;s:10:\"04-28-2026\";i:1;s:10:\"04-29-2026\";i:1;s:10:\"04-30-2026\";i:1;}"],"houzez_recently_viewed":["2026-04-30 10:28:29"],"fave_property_price":["1600000"],"fave_property_location":[",,14"],"fave_property_address":[""],"fave_property_zip":[""],"fave_property_rooms":[""],"has_images":["1"],"fave_property_size_prefix":["Sq M"],"fave_property_land":["986"],"fave_property_land_postfix":["Sq M"],"fave_property_map_address":["Benitachell, Alicante"],"fave_property_map_street_view":["oculta"],"fave_video_url":["https:\/\/www.youtube.com\/watch?v=xcEelBX-B7E"],"fave_agent_display_option":["author_info"],"fave_prop_homeslider":["no"],"_elementor_page_assets":["a:0:{}"]},"jetpack_likes_enabled":false,"jetpack_sharing_enabled":true,"_links":{"self":[{"href":"https:\/\/immolaescapada.com\/es\/wp-json\/wp\/v2\/properties\/78176","targetHints":{"allow":["GET"]}}],"collection":[{"href":"https:\/\/immolaescapada.com\/es\/wp-json\/wp\/v2\/properties"}],"about":[{"href":"https:\/\/immolaescapada.com\/es\/wp-json\/wp\/v2\/types\/property"}],"author":[{"embeddable":true,"href":"https:\/\/immolaescapada.com\/es\/wp-json\/wp\/v2\/users\/261701424"}],"version-history":[{"count":2,"href":"https:\/\/immolaescapada.com\/es\/wp-json\/wp\/v2\/properties\/78176\/revisions"}],"predecessor-version":[{"id":86563,"href":"https:\/\/immolaescapada.com\/es\/wp-json\/wp\/v2\/properties\/78176\/revisions\/86563"}],"wp:featuredmedia":[{"embeddable":true,"href":"https:\/\/immolaescapada.com\/es\/wp-json\/wp\/v2\/media\/77548"}],"wp:attachment":[{"href":"https:\/\/immolaescapada.com\/es\/wp-json\/wp\/v2\/media?parent=78176"}],"wp:term":[{"taxonomy":"property_type","embeddable":true,"href":"https:\/\/immolaescapada.com\/es\/wp-json\/wp\/v2\/property_type?post=78176"},{"taxonomy":"property_status","embeddable":true,"href":"https:\/\/immolaescapada.com\/es\/wp-json\/wp\/v2\/property_status?post=78176"},{"taxonomy":"property_feature","embeddable":true,"href":"https:\/\/immolaescapada.com\/es\/wp-json\/wp\/v2\/property_feature?post=78176"},{"taxonomy":"property_label","embeddable":true,"href":"https:\/\/immolaescapada.com\/es\/wp-json\/wp\/v2\/property_label?post=78176"},{"taxonomy":"property_city","embeddable":true,"href":"https:\/\/immolaescapada.com\/es\/wp-json\/wp\/v2\/property_city?post=78176"}],"curies":[{"name":"wp","href":"https:\/\/api.w.org\/{rel}","templated":true}]}}

<p> ¿Está buscando la escapada perfecta del ajetreo y el bullicio de la vida cotidiana? Descubra nuestra hermosa y moderna villa en Cumbre del Sol, idealmente situada entre Moraira y Jávea. Esta villa de lujo ofrece el máximo nivel de estilo y confort, con impresionantes vistas al mar y una piscina privada donde podrá relajarse y disfrutar del clima mediterráneo.<br />Esta propiedad única es una auténtica obra maestra que combina a la perfección diseño moderno y belleza natural. Construida con materiales de primera calidad y acabados de lujo, la villa cumple con los más altos estándares y además cuenta todavía con una garantía de construcción vigente. Descubra las últimas tecnologías y los elementos de lujo que hacen que vivir en la Costa Blanca sea tan atractivo.<br />Con más de 30 años de experiencia en el desarrollo de viviendas exclusivas, esta villa fue construida recientemente por una reconocida empresa constructora. La atención al detalle y el uso de materiales de lujo se perciben en cada estancia. Amplios espacios abiertos, abundante luz natural y comodidades modernas como aire acondicionado, suelo radiante, sistema de ventilación y domótica convierten esta villa en un verdadero oasis de confort.<br />La vivienda se distribuye inteligentemente en dos plantas, donde la comodidad y la funcionalidad son protagonistas. A través de una puerta corredera automática se accede a la parcela, donde encontrará garaje con espacio para dos coches y una zona adicional de almacenamiento.<br />Una elegante escalera iluminada conduce a la primera planta, donde se encuentra el recibidor, con guardarropa y un práctico cuarto técnico con lavadero y armario de secado Siemens. El distribuidor nocturno da acceso a tres amplios dormitorios, cada uno con armarios empotrados a medida en madera de nogal y baño en suite.<br />El dormitorio principal dispone además de un lujoso vestidor y un baño en suite con ducha a ras de suelo y bañera. Conexiones de internet y TV, aire acondicionado y persianas eléctricas forman parte del equipamiento estándar.<br />La cocina abierta de diseño está equipada con electrodomésticos Siemens de alta gama y ofrece todas las comodidades para los amantes de la cocina. El amplio salón-comedor, con mueble de TV de diseño integrado en madera de nogal, se conecta con una gran terraza mediante generosas puertas correderas de la marca Schüco, que proporcionan una sensación de amplitud y unas vistas totalmente despejadas (con sistema retráctil en ambas paredes y umbrales empotrados).<br />Las pantallas automáticas eléctricas de lujo de la marca Luxaflex permiten oscurecer y proteger completamente las superficies acristaladas.<br />Disfrute del sol en la gran terraza, que se abre hacia su piscina climatizada de agua salada con cubierta automática, perfecta para el clima mediterráneo. Un acogedor comedor exterior cubierto ofrece el entorno ideal para disfrutar de los días y noches cálidos, mientras que en la parte trasera del jardín encontrará una terraza adicional con zona de estar y ducha exterior, aportando un extra de confort y exclusividad.<br />Tanto si busca una residencia permanente como una vivienda vacacional, nuestra villa en Cumbre del Sol ofrece el entorno perfecto para crear recuerdos inolvidables con familiares y amigos.<br />¿A qué está esperando? Descubra hoy mismo esta joya única en la Costa Blanca y disfrute del estilo de vida que se merece.<br />No dude en contactarnos para más información o para concertar una visita. Estaremos encantados de ayudarle.</p>
<p>                        </p>
<p>Características</p>
<p> Piscina de agua salada con bomba de calor</p>
<p> Persiana electrónica automática sobre la piscina</p>
<p> Paneles solares en el tejado</p>
<p> Sistema de riego en el jardín</p>
<p> Todos los muebles en nogal</p>
<p> Encimera de cocina combinada composite con nogal</p>
<p> Todos los electrodomésticos de cocina de la marca Siemens</p>
<p> Todos los grifos y suelos de la marca Porcelanosa</p>
<p> Los zócalos se integraron en todas partes</p>
<p> Aire acondicionado integrado: frío y calor por separado</p>
<p> Calefacción central por suelo radiante mediante bomba de calor eléctrica automáticacon circuitos individuales para todas las zonascontrol remoto mediante aplicación móvil (Apple)</p>
<p> Sistema de ventilación</p>
<p> Ventanas correderas de aluminio : Schüko branddouble, vidrio de seguridad con control solar</p>
<p> Ventanas equipadas con mosquiteras con persianas eléctricas</p>
<p> Descalcificador de agua</p>
<p> TV y conexión a Internet en todas las habitaciones</p>
<p> Valla de acero inoxidable para terrazas</p>
<p> Sala de noche con iluminación automática</p>
<p> Interruptores integrados con USB</p>
<p> Focos empotrables con regulador de intensidad</p>
<p> Iluminación exterior y cámaras</p>
<p> Sistema domótico</p>
<p> Videoteléfono</p>
<p> La garantía de construcción sigue vigente</p>

<p> ¿Está buscando la escapada perfecta del ajetreo de la vida cotidiana? Descubra nuestra hermosa y moderna villa en Cumbre del Sol, idealmente situada entre Moraira y Jávea. Esta villa de lujo ofrece el máximo nivel de estilo y confort, con impresionantes vistas al mar y una piscina privada donde podrá relajarse y disfrutar del clima mediterráneo.<br />Esta propiedad única es una auténtica obra maestra que combina a la perfección diseño moderno y belleza natural. Construida con materiales de primera calidad y acabados de lujo, la villa cumple con los más altos estándares y además cuenta todavía con una garantía de construcción vigente. Descubra las últimas tecnologías y los elementos de lujo que hacen que vivir en la Costa Blanca sea tan atractivo.<br />Con más de 30 años de experiencia en el desarrollo de viviendas exclusivas, esta villa fue construida recientemente por una reconocida empresa constructora. La atención al detalle y el uso de materiales de lujo se perciben en cada estancia. Amplios espacios abiertos, abundante luz natural y comodidades modernas como aire acondicionado, suelo radiante, sistema de ventilación y domótica convierten esta villa en un verdadero oasis de confort.<br />La vivienda se distribuye inteligentemente en dos plantas, donde la comodidad y la funcionalidad son protagonistas. A través de una puerta corredera automática se accede a la parcela, donde encontrará garaje con espacio para dos coches y una zona adicional de almacenamiento.<br />Una elegante escalera iluminada conduce a la primera planta, donde se encuentra el recibidor, con guardarropa y un práctico cuarto técnico con lavadero y armario de secado Siemens. El distribuidor nocturno da acceso a tres amplios dormitorios, cada uno con armarios empotrados a medida en madera de nogal y baño en suite.<br />El dormitorio principal dispone además de un lujoso vestidor y un baño en suite con ducha a ras de suelo y bañera. Conexiones de internet y TV, aire acondicionado y persianas eléctricas forman parte del equipamiento estándar.<br />La cocina abierta de diseño está equipada con electrodomésticos Siemens de alta gama y ofrece todas las comodidades para los amantes de la cocina. El amplio salón-comedor, con mueble de TV de diseño integrado en madera de nogal, se conecta con una gran terraza mediante generosas puertas correderas de la marca Schüco, que proporcionan una sensación de amplitud y unas vistas totalmente despejadas (con sistema retráctil en ambas paredes y umbrales empotrados).<br />Las pantallas automáticas eléctricas de lujo de la marca Luxaflex permiten oscurecer y proteger completamente las superficies acristaladas.<br />Disfrute del sol en la gran terraza, que se abre hacia su piscina climatizada de agua salada con cubierta automática, perfecta para el clima mediterráneo. Un acogedor comedor exterior cubierto ofrece el entorno ideal para disfrutar de los días y noches cálidos, mientras que en la parte trasera del jardín encontrará una terraza adicional con zona de estar y ducha exterior, aportando un extra de confort y exclusividad.<br />Tanto si busca una residencia permanente como una vivienda vacacional, nuestra villa en Cumbre del Sol ofrece el entorno perfecto para crear recuerdos inolvidables con familiares y amigos.<br />¿A qué está esperando? Descubra hoy mismo esta joya única en la Costa Blanca y disfrute del estilo de vida que se merece.<br />No dude en contactarnos para más información o para concertar una visita. Estaremos encantados de ayudarle.</p>
<p>                        </p>
<p>Características</p>
<p> Piscina de agua salada con bomba de calor</p>
<p> Persiana electrónica automática sobre la piscina</p>
<p> Paneles solares en el tejado</p>
<p> Sistema de riego en el jardín</p>
<p> Todos los muebles en nogal</p>
<p> Encimera de cocina combinada composite con nogal</p>
<p> Todos los electrodomésticos de cocina de la marca Siemens</p>
<p> Todos los grifos y suelos de la marca Porcelanosa</p>
<p> Los zócalos se integraron en todas partes</p>
<p> Aire acondicionado integrado: frío y calor por separado</p>
<p> Calefacción central por suelo radiante mediante bomba de calor eléctrica automáticacon circuitos individuales para todas las zonascontrol remoto mediante aplicación móvil (Apple)</p>
<p> Sistema de ventilación</p>
<p> Ventanas correderas de aluminio : Schüko branddouble, vidrio de seguridad con control solar</p>
<p> Ventanas equipadas con mosquiteras con persianas eléctricas</p>
<p> Descalcificador de agua</p>
<p> TV y conexión a Internet en todas las habitaciones</p>
<p> Valla de acero inoxidable para terrazas</p>
<p> Sala de noche con iluminación automática</p>
<p> Interruptores integrados con USB</p>
<p> Focos empotrables con regulador de intensidad</p>
<p> Iluminación exterior y cámaras</p>
<p> Sistema domótico</p>
<p> Videoteléfono</p>
<p> La garantía de construcción sigue vigente</p>
