{"id":40387,"date":"2025-05-13T17:51:45","date_gmt":"2025-05-13T15:51:45","guid":{"rendered":""},"modified":"2026-04-25T22:01:37","modified_gmt":"2026-04-25T20:01:37","slug":"chg-pd13","status":"publish","type":"property","link":"https:\/\/immolaescapada.com\/es\/property-es\/chg-pd13\/","title":{"rendered":"corralets"},"content":{"rendered":"<p>800m2 and almost flat plot with great sea views and views of the Pe\u00f1on de Ifach mountain. Only 2.5 km from the city center and all amenities. A +\/- 240m2 property can be build on this plot.[IW]<\/p>\n","protected":false},"excerpt":{"rendered":"<p>800m2 and almost flat plot with great sea views and views of the Pe\u00f1on de Ifach mountain. Only 2.5 km from the city center and all amenities. A +\/- 240m2 property can be build on this plot.[IW]<\/p>\n","protected":false},"author":230987969,"featured_media":40388,"parent":0,"menu_order":0,"template":"","property_type":[778226536],"property_status":[778226683],"property_feature":[778227066],"property_label":[],"property_city":[778226690],"class_list":["post-40387","property","type-property","status-publish","has-post-thumbnail","hentry","property_type-plot","property_status-for-sale","property_feature-sea-views","property_city-calpe"],"aioseo_notices":[],"property_meta":{"_imported_ref_1746806115":["16620268"],"_property_import_data":["<property><id>16620268<\/id><date>2025-06-25 01:29:10<\/date><ref>PD13<\/ref><price>160000<\/price><currency>EUR<\/currency><price_freq>sale<\/price_freq><part_ownership>0<\/part_ownership><leasehold>0<\/leasehold><new_build>0<\/new_build><type>land<\/type><location_id>1073<\/location_id><town>Calpe<\/town><postcode>03710<\/postcode><province>Alicante<\/province><location\/><location_detail>corralets<\/location_detail><beds>0<\/beds><baths>0<\/baths><surface_area><built>0<\/built><plot>800<\/plot><\/surface_area><energy_rating><consumption>X<\/consumption><emissions>X<\/emissions><\/energy_rating><url>X<\/url><desc><ca>vista sobre el mar<\/ca><da>havudsigt<\/da><de>800m2 und nahezu flaches Grundst\u00fcck mit tollem Meerblick und Aussicht auf den Pe\u00f1on de Ifach Berg. Nur 2,5 km vom Stadtzentrum und allen Annehmlichkeiten entfernt.  Auf dem Grundst\u00fcck kann man ein Wohnhaus von von ca. 240m2 bauen.[IW]<\/de><en>800m2 and almost flat plot with great sea views and views of the Pe\u00f1on de Ifach mountain. Only 2.5 km from the city center and all amenities. A +\/- 240m2 property can be build on this plot.[IW]<\/en><es>Parcela pr\u00e1cticamente llana de 800 m2, con vistas al mar y pe\u00f1\u00f3n de ifach, situada a tan solo 2,5 km del centro de Calpe y todos los servicios. En la parcela se puede construir una vivienda de 240 m2 aprox.[IW]<\/es><fi>merin\u00e4kym\u00e4<\/fi><fr>Terrain presque plat de 800m2, avec vue sur mer et le Pe\u00f1on de Ifach, situ\u00e9 \u00e0 seulement 2,5 km du centre de la ville et tous les services. Sur le terrain, vous pouvez construire une maison de 240m2 environ.[IW]<\/fr><it>vista sul mare<\/it><nl>800m2 en bijna vlak terrein met prachtig uitzicht op zee en uitzicht op de Pe\u00f1on de Ifach berg. Slechts 2,5 km van het centrum van de stad en alle voorzieningen. Op het terrein kunt u een huis van ongeveer 240m2 bouwen.[IW]<\/nl><no>sj\u00f8utsikt<\/no><pt>vista para o mar<\/pt><ru>800m2 and almost flat plot with great sea views and views of the Pe\u00f1on de Ifach mountain. Only 2.5 km from the city center and all amenities. A +\/- 240m2 property can be build on this plot.[IW]<\/ru><sv>havsutsikt<\/sv><\/desc><features><feature>sea views<\/feature><\/features><notes\/><images><image id=\"303772244\"><url>https:\/\/production-kyero-property-images.s3.amazonaws.com\/16620\/16620268\/303772244_original.jpg?checksum=df4df65e87bcd003e7343c5814c1ec6d77467312<\/url><\/image><image id=\"303772245\"><url>https:\/\/production-kyero-property-images.s3.amazonaws.com\/16620\/16620268\/303772245_original.jpg?checksum=9846936079f292ac3980c3edd0eb4a625bff92cc<\/url><\/image><image id=\"303772246\"><url>https:\/\/production-kyero-property-images.s3.amazonaws.com\/16620\/16620268\/303772246_original.jpg?checksum=e6bb49b9188e07773019746ced169e2854ec481c<\/url><\/image><image id=\"303772247\"><url>https:\/\/production-kyero-property-images.s3.amazonaws.com\/16620\/16620268\/303772247_original.jpg?checksum=9846936079f292ac3980c3edd0eb4a625bff92cc<\/url><\/image><\/images><\/property>"],"fave_property_price_prefix":[""],"fave_property_price":["160000"],"fave_property_price_postfix":[""],"fave_property_bedrooms":["0"],"fave_property_bathrooms":["0"],"fave_property_rooms":[""],"fave_property_size":[""],"fave_property_size_prefix":[""],"fave_property_land":["800"],"fave_property_land_postfix":["Sq M"],"fave_property_garage":[""],"fave_property_id":["CHG-PD13"],"fave_property_map":["1"],"fave_property_map_address":["Calpe, Alicante"],"fave_property_location":[",,14"],"houzez_geolocation_lat":[""],"houzez_geolocation_long":[""],"fave_property_country":[""],"fave_property_address":[""],"fave_property_zip":["03710"],"fave_featured":["0"],"houzez_featured_listing_date":[""],"fave_agent_display_option":["agency_info"],"_thumbnail_id":["40388"],"fave_property_images":["40388","40392","40396","40400"],"images_stored_as_urls":[""],"fave_video_url":[""],"fave_virtual_tour":[""],"fave_loggedintoview":["0"],"fave_single_content_area":["global"],"fave_single_top_area":["global"],"fave_prop_homeslider":["no"],"_property_import_data_time":["1777147297"],"_wpml_word_count":["59"],"houzez_total_property_views":["177"],"houzez_views_by_date":["a:61:{s:10:\"10-05-2025\";i:1;s:10:\"10-06-2025\";i:1;s:10:\"10-07-2025\";i:2;s:10:\"10-18-2025\";i:1;s:10:\"10-21-2025\";i:2;s:10:\"11-04-2025\";i:4;s:10:\"11-05-2025\";i:1;s:10:\"11-11-2025\";i:2;s:10:\"11-14-2025\";i:1;s:10:\"11-18-2025\";i:4;s:10:\"11-22-2025\";i:1;s:10:\"11-25-2025\";i:1;s:10:\"11-26-2025\";i:1;s:10:\"11-27-2025\";i:1;s:10:\"11-28-2025\";i:1;s:10:\"11-29-2025\";i:1;s:10:\"12-02-2025\";i:1;s:10:\"12-03-2025\";i:2;s:10:\"12-06-2025\";i:1;s:10:\"12-07-2025\";i:1;s:10:\"12-12-2025\";i:2;s:10:\"12-16-2025\";i:3;s:10:\"12-17-2025\";i:1;s:10:\"12-18-2025\";i:1;s:10:\"12-19-2025\";i:1;s:10:\"12-30-2025\";i:3;s:10:\"01-09-2026\";i:2;s:10:\"01-17-2026\";i:1;s:10:\"01-20-2026\";i:3;s:10:\"01-21-2026\";i:2;s:10:\"01-22-2026\";i:1;s:10:\"01-25-2026\";i:1;s:10:\"01-26-2026\";i:2;s:10:\"01-27-2026\";i:2;s:10:\"02-02-2026\";i:1;s:10:\"02-03-2026\";i:1;s:10:\"02-11-2026\";i:4;s:10:\"02-14-2026\";i:1;s:10:\"02-15-2026\";i:2;s:10:\"02-17-2026\";i:1;s:10:\"02-22-2026\";i:2;s:10:\"02-24-2026\";i:2;s:10:\"02-27-2026\";i:1;s:10:\"02-28-2026\";i:2;s:10:\"03-01-2026\";i:1;s:10:\"03-04-2026\";i:1;s:10:\"03-12-2026\";i:1;s:10:\"03-13-2026\";i:2;s:10:\"03-22-2026\";i:2;s:10:\"03-24-2026\";i:1;s:10:\"03-26-2026\";i:3;s:10:\"04-01-2026\";i:1;s:10:\"04-06-2026\";i:1;s:10:\"04-09-2026\";i:1;s:10:\"04-13-2026\";i:2;s:10:\"04-15-2026\";i:2;s:10:\"04-16-2026\";i:2;s:10:\"04-19-2026\";i:2;s:10:\"04-20-2026\";i:2;s:10:\"04-24-2026\";i:1;s:10:\"04-25-2026\";i:1;}"],"houzez_recently_viewed":["2026-04-25 02:50:01"],"_edit_lock":["1747156759:230987969"],"_g_feedback_shortcode_7648d294c7a45620884d74b557152ba2863a793b":["\n\t\t\t\t[contact-field label=\"Naam\" type=\"name\"  required=\"true\" \/]\n\t\t\t\t[contact-field label=\"E-mail\" type=\"email\" required=\"true\" \/]\n\t\t\t\t[contact-field label=\"Site\" type=\"url\" \/]\n\t\t\t\t[contact-field label=\"Bericht\" type=\"textarea\" \/]"],"_g_feedback_shortcode_atts_7648d294c7a45620884d74b557152ba2863a793b":["a:17:{s:2:\"to\";s:28:\"lore.vanlangendyck@gmail.com\";s:7:\"subject\";s:28:\"[IMMO LA ESCAPADA] corralets\";s:12:\"show_subject\";s:2:\"no\";s:6:\"widget\";i:0;s:14:\"block_template\";N;s:19:\"block_template_part\";N;s:2:\"id\";i:40387;s:18:\"submit_button_text\";s:9:\"Verzenden\";s:14:\"customThankyou\";s:0:\"\";s:21:\"customThankyouHeading\";s:23:\"Je bericht is verzonden\";s:21:\"customThankyouMessage\";s:26:\"Bedankt voor je inzending!\";s:22:\"customThankyouRedirect\";s:0:\"\";s:10:\"jetpackCRM\";b:1;s:9:\"className\";N;s:9:\"postToUrl\";N;s:14:\"salesforceData\";N;s:12:\"hiddenFields\";N;}"],"_last_editor_used_jetpack":["block-editor"],"fave_property_agency":["6456"],"fave_agents":[""],"fave_floor_plans_enable":["disable"],"has_images":["1"],"copied_media_ids":["a:0:{}"],"referenced_media_ids":["a:1:{i:0;i:40388;}"]},"jetpack_likes_enabled":false,"jetpack_sharing_enabled":true,"_links":{"self":[{"href":"https:\/\/immolaescapada.com\/es\/wp-json\/wp\/v2\/properties\/40387","targetHints":{"allow":["GET"]}}],"collection":[{"href":"https:\/\/immolaescapada.com\/es\/wp-json\/wp\/v2\/properties"}],"about":[{"href":"https:\/\/immolaescapada.com\/es\/wp-json\/wp\/v2\/types\/property"}],"author":[{"embeddable":true,"href":"https:\/\/immolaescapada.com\/es\/wp-json\/wp\/v2\/users\/230987969"}],"version-history":[{"count":1,"href":"https:\/\/immolaescapada.com\/es\/wp-json\/wp\/v2\/properties\/40387\/revisions"}],"predecessor-version":[{"id":40404,"href":"https:\/\/immolaescapada.com\/es\/wp-json\/wp\/v2\/properties\/40387\/revisions\/40404"}],"wp:featuredmedia":[{"embeddable":true,"href":"https:\/\/immolaescapada.com\/es\/wp-json\/wp\/v2\/media\/40388"}],"wp:attachment":[{"href":"https:\/\/immolaescapada.com\/es\/wp-json\/wp\/v2\/media?parent=40387"}],"wp:term":[{"taxonomy":"property_type","embeddable":true,"href":"https:\/\/immolaescapada.com\/es\/wp-json\/wp\/v2\/property_type?post=40387"},{"taxonomy":"property_status","embeddable":true,"href":"https:\/\/immolaescapada.com\/es\/wp-json\/wp\/v2\/property_status?post=40387"},{"taxonomy":"property_feature","embeddable":true,"href":"https:\/\/immolaescapada.com\/es\/wp-json\/wp\/v2\/property_feature?post=40387"},{"taxonomy":"property_label","embeddable":true,"href":"https:\/\/immolaescapada.com\/es\/wp-json\/wp\/v2\/property_label?post=40387"},{"taxonomy":"property_city","embeddable":true,"href":"https:\/\/immolaescapada.com\/es\/wp-json\/wp\/v2\/property_city?post=40387"}],"curies":[{"name":"wp","href":"https:\/\/api.w.org\/{rel}","templated":true}]}}

<p>800m2 and almost flat plot with great sea views and views of the Peñon de Ifach mountain. Only 2.5 km from the city center and all amenities. A +/- 240m2 property can be build on this plot.[IW]</p>

<property><id>16620268</id><date>2025-06-25 01:29:10</date><ref>PD13</ref><price>160000</price><currency>EUR</currency><price_freq>sale</price_freq><part_ownership>0</part_ownership><leasehold>0</leasehold><new_build>0</new_build><type>land</type><location_id>1073</location_id><town>Calpe</town><postcode>03710</postcode><province>Alicante</province><location/><location_detail>corralets</location_detail><beds>0</beds><baths>0</baths><surface_area><built>0</built><plot>800</plot></surface_area><energy_rating><consumption>X</consumption><emissions>X</emissions></energy_rating><url>X</url><desc><ca>vista sobre el mar</ca><da>havudsigt</da><de>800m2 und nahezu flaches Grundstück mit tollem Meerblick und Aussicht auf den Peñon de Ifach Berg. Nur 2,5 km vom Stadtzentrum und allen Annehmlichkeiten entfernt.  Auf dem Grundstück kann man ein Wohnhaus von von ca. 240m2 bauen.[IW]</de><en>800m2 and almost flat plot with great sea views and views of the Peñon de Ifach mountain. Only 2.5 km from the city center and all amenities. A +/- 240m2 property can be build on this plot.[IW]</en><es>Parcela prácticamente llana de 800 m2, con vistas al mar y peñón de ifach, situada a tan solo 2,5 km del centro de Calpe y todos los servicios. En la parcela se puede construir una vivienda de 240 m2 aprox.[IW]</es><fi>merinäkymä</fi><fr>Terrain presque plat de 800m2, avec vue sur mer et le Peñon de Ifach, situé à seulement 2,5 km du centre de la ville et tous les services. Sur le terrain, vous pouvez construire une maison de 240m2 environ.[IW]</fr><it>vista sul mare</it><nl>800m2 en bijna vlak terrein met prachtig uitzicht op zee en uitzicht op de Peñon de Ifach berg. Slechts 2,5 km van het centrum van de stad en alle voorzieningen. Op het terrein kunt u een huis van ongeveer 240m2 bouwen.[IW]</nl><no>sjøutsikt</no><pt>vista para o mar</pt><ru>800m2 and almost flat plot with great sea views and views of the Peñon de Ifach mountain. Only 2.5 km from the city center and all amenities. A +/- 240m2 property can be build on this plot.[IW]</ru><sv>havsutsikt</sv></desc><features><feature>sea views</feature></features><notes/><images><image id="303772244"><url>https://production-kyero-property-images.s3.amazonaws.com/16620/16620268/303772244_original.jpg?checksum=df4df65e87bcd003e7343c5814c1ec6d77467312</url></image><image id="303772245"><url>https://production-kyero-property-images.s3.amazonaws.com/16620/16620268/303772245_original.jpg?checksum=9846936079f292ac3980c3edd0eb4a625bff92cc</url></image><image id="303772246"><url>https://production-kyero-property-images.s3.amazonaws.com/16620/16620268/303772246_original.jpg?checksum=e6bb49b9188e07773019746ced169e2854ec481c</url></image><image id="303772247"><url>https://production-kyero-property-images.s3.amazonaws.com/16620/16620268/303772247_original.jpg?checksum=9846936079f292ac3980c3edd0eb4a625bff92cc</url></image></images></property>
