{"id":32998,"date":"2025-05-09T18:01:29","date_gmt":"2025-05-09T16:01:29","guid":{"rendered":"https:\/\/immolaescapada.com\/property\/benimeit-2\/"},"modified":"2026-04-26T22:01:24","modified_gmt":"2026-04-26T20:01:24","slug":"chg-vd1058","status":"publish","type":"property","link":"https:\/\/immolaescapada.com\/es\/property-es\/chg-vd1058\/","title":{"rendered":"Benimeit"},"content":{"rendered":"<p>refurbished, fitted kitchen, air conditioning, floor heating, garden, terrace, fitted wardrobes, double glazing, mountain views, part renovated, basement<\/p>\n","protected":false},"excerpt":{"rendered":"<p>refurbished, fitted kitchen, air conditioning, floor heating, garden, terrace, fitted wardrobes, double glazing, mountain views, part renovated, basement<\/p>\n","protected":false},"author":0,"featured_media":32999,"parent":0,"menu_order":0,"template":"","property_type":[778226537],"property_status":[778226683],"property_feature":[778226631,778227067,778227065,778227063,778227072,778227073,778226818,778227074,778227075,778227071,778226834],"property_label":[],"property_city":[778226688],"class_list":["post-32998","property","type-property","status-publish","has-post-thumbnail","hentry","property_type-villa","property_status-for-sale","property_feature-air-conditioning","property_feature-basement","property_feature-double-glazing","property_feature-fitted-kitchen","property_feature-fitted-wardrobes","property_feature-floor-heating","property_feature-garden","property_feature-mountain-views","property_feature-part-renovated","property_feature-refurbished","property_feature-terrace","property_city-moraira"],"aioseo_notices":[],"property_meta":{"_imported_ref_1746806115":["15640674"],"_property_import_data":["<property><id>15640674<\/id><date>2025-04-08 03:00:17<\/date><ref>VD1058<\/ref><price>1795000<\/price><currency>EUR<\/currency><price_freq>sale<\/price_freq><part_ownership>0<\/part_ownership><leasehold>0<\/leasehold><new_build>1<\/new_build><type>villa<\/type><location_id>1499<\/location_id><town>Moraira<\/town><postcode>03724<\/postcode><province>Alicante<\/province><location\/><location_detail>Benimeit<\/location_detail><beds>4<\/beds><baths>4<\/baths><pool>1<\/pool><surface_area><built>460<\/built><plot>1472<\/plot><\/surface_area><energy_rating><consumption>X<\/consumption><emissions>X<\/emissions><\/energy_rating><url>X<\/url><desc><ca>reformat, cuina equipada, Aire condicionat, Calefacci\u00f3 per terra radiant, Jard\u00ed, Terrassa, armaris encastats, doble vidre, vista sobre la muntanya, part renovat, soterrani<\/ca><da>renoveret, monteret k\u00f8kken, air conditioning, gulv varme, Garden, Terrasse, monteret garderobeskabe, dobbeltruder, Mountain visninger, del renoveret, k\u00e6lder<\/da><de>Renoviert, Einbauk\u00fcche, Klimaanlage, Fu\u00dfbodenheizung, Garten, Terrasse, Einbauschr\u00e4nke, Doppelverglasung, Bergblick, Teilrenoviert, Keller<\/de><en>refurbished, fitted kitchen, air conditioning, floor heating, garden, terrace, fitted wardrobes, double glazing, mountain views, part renovated, basement<\/en><es>Esta villa de lujo con estilo tradicional mediterr\u00e1neo tiene 3 plantas que est\u00e1n conectadas con una escalera interna. Cuenta con un amplio sal\u00f3n-comedor-cocina de planta abierta. La cocina est\u00e1 totalmente equipada y tiene una isla para cocinar. Tiene 4 ba\u00f1os y un aseo de invitados. La propiedad tambi\u00e9n dispone de s\u00f3tano y lavadero.\nUbicada en una zona muy tranquila donde podr\u00e1 disfrutar de un paisaje pintoresco rodeado de naturaleza a pocos kil\u00f3metros de las playas mas linda y de Moraira.\nEsta casa le ofrece la versatilidad de personalizar los detalles y colores a su gusto y todos los materiales son de la m\u00e1xima calidad.\nCuenta con aire acondicionado en toda la casa (conducta) y calefacci\u00f3n central. Puerta de entrada autom\u00e1tica con entrada peatonal independiente e interfono. En el mismo nivel que la vivienda principal se encuentra la piscina y una amplia terraza.[IW]<\/es><fi>kunnostettu, kalustettu keitti\u00f6, ilmastointi, lattial\u00e4mmitys, puutarha, terassi, kiinte\u00e4t vaatekaapit, tuplaikkunat, vuoriston\u00e4kym\u00e4t, osin uusittu, kellari<\/fi><fr>remis \u00e0 neuf, cuisine \u00e9quip\u00e9e, climatisation, chauffage par le sol, jardin, terrasse, armoires encastr\u00e9es, double vitrage, vue sur la montagne, partie r\u00e9nov\u00e9e, sous-sol<\/fr><it>ristrutturato, cucina componibile, aria condizionata, riscaldamento a pavimento, giardino, terrazza, armadi componibili, doppi vetri, vista sulle montagne, parte ristrutturata, seminterrato<\/it><nl>gerenoveerd, inbouwkeuken, Air conditioning, vloerverwarming, Tuin, Terras, Hoeslaken kasten, dubbele beglazing, uitzicht op de bergen, deel gerenoveerd, kelder<\/nl><no>oppusset, utstyrt kj\u00f8kken, klimaanlegg, gulvvarme, hage, terrasse, innebygget garderobeskap, doble vinduer, utsikt over fjell, delvis renovert, kjeller<\/no><pt>remodelado, cozinha equipada, ar condicionado, aquecimento de piso, jardim, terra\u00e7o, roupeiros, vidros duplos, vista para a montanha, parte renovado, por\u00e3o<\/pt><ru>\u043e\u0442\u0440\u0435\u043c\u043e\u043d\u0442\u0438\u0440\u043e\u0432\u0430\u043d\u044b, \u043e\u0431\u043e\u0440\u0443\u0434\u043e\u0432\u0430\u043d\u043d\u0430\u044f \u043a\u0443\u0445\u043d\u044f, \u041a\u043e\u043d\u0434\u0438\u0446\u0438\u043e\u043d\u0435\u0440, \u041d\u0430\u043f\u043e\u043b\u044c\u043d\u043e\u0435 \u043e\u0442\u043e\u043f\u043b\u0435\u043d\u0438\u0435, \u0421\u0430\u0434, \u0422\u0435\u0440\u0440\u0430\u0441\u0430, \u0432\u0441\u0442\u0440\u043e\u0435\u043d\u043d\u044b\u0435 \u0448\u043a\u0430\u0444\u044b, \u0434\u0432\u043e\u0439\u043d\u043e\u0435 \u043e\u0441\u0442\u0435\u043a\u043b\u0435\u043d\u0438\u0435, \u0432\u0438\u0434 \u043d\u0430 \u0433\u043e\u0440\u044b, \u0447\u0430\u0441\u0442\u044c \u043e\u0442\u0440\u0435\u043c\u043e\u043d\u0442\u0438\u0440\u043e\u0432\u0430\u043d\u044b, \u043f\u043e\u0434\u0432\u0430\u043b<\/ru><sv>uppsnyggat, svensk k\u00f6ksstandard, luftkonditionerare, golvv\u00e4rme, tr\u00e4dg\u00e5rd, terrass, inbyggda garderober, tv\u00e5glasf\u00f6nster, bergsutsikt, delvis renoverat, k\u00e4llare<\/sv><\/desc><features><feature>refurbished<\/feature><feature>fitted kitchen<\/feature><feature>air conditioning<\/feature><feature>floor heating<\/feature><feature>garden<\/feature><feature>terrace<\/feature><feature>fitted wardrobes<\/feature><feature>double glazing<\/feature><feature>mountain views<\/feature><feature>part renovated<\/feature><feature>basement<\/feature><\/features><notes\/><images><image id=\"284328913\"><url>https:\/\/production-kyero-property-images.s3.amazonaws.com\/15640\/15640674\/284328913_original.jpg?checksum=2f745873c2113fba539e638d108d3cc22a90c93f<\/url><\/image><image id=\"284328914\"><url>https:\/\/production-kyero-property-images.s3.amazonaws.com\/15640\/15640674\/284328914_original.jpg?checksum=0fb5e6b12bf84a22187d30dce1a7c8b79a95babd<\/url><\/image><image id=\"284328915\"><url>https:\/\/production-kyero-property-images.s3.amazonaws.com\/15640\/15640674\/284328915_original.jpg?checksum=f65063855233b12c8a69db5f7161f9ea269e20a3<\/url><\/image><image id=\"284328916\"><url>https:\/\/production-kyero-property-images.s3.amazonaws.com\/15640\/15640674\/284328916_original.jpg?checksum=7dd55ac32056dcb4c20ca4d36f4d9552174785e2<\/url><\/image><image id=\"284328917\"><url>https:\/\/production-kyero-property-images.s3.amazonaws.com\/15640\/15640674\/284328917_original.jpg?checksum=f65063855233b12c8a69db5f7161f9ea269e20a3<\/url><\/image><\/images><\/property>"],"fave_property_price_prefix":[""],"fave_property_price":["1795000"],"fave_property_price_postfix":[""],"fave_property_bedrooms":["4"],"fave_property_bathrooms":["4"],"fave_property_rooms":[""],"fave_property_size":["460"],"fave_property_size_prefix":["Sq M"],"fave_property_land":["1472"],"fave_property_land_postfix":["Sq M"],"fave_property_garage":[""],"fave_property_id":["CHG-VD1058"],"fave_property_map":["1"],"fave_property_map_address":["Moraira, Alicante"],"fave_property_location":[",,14"],"houzez_geolocation_lat":[""],"houzez_geolocation_long":[""],"fave_property_country":[""],"fave_property_address":[""],"fave_property_zip":["03724"],"fave_featured":["0"],"houzez_featured_listing_date":[""],"fave_agent_display_option":["agency_info"],"_thumbnail_id":["32999"],"fave_property_images":["32999","33003","33007","33011","33015"],"images_stored_as_urls":[""],"fave_video_url":[""],"fave_virtual_tour":[""],"fave_loggedintoview":["0"],"fave_single_content_area":["global"],"fave_single_top_area":["global"],"fave_prop_homeslider":["no"],"_property_import_data_time":["1777233684"],"_wpml_word_count":["56"],"houzez_total_property_views":["212"],"houzez_views_by_date":["a:61:{s:10:\"10-20-2025\";i:1;s:10:\"10-22-2025\";i:1;s:10:\"10-25-2025\";i:1;s:10:\"10-30-2025\";i:3;s:10:\"11-01-2025\";i:1;s:10:\"11-02-2025\";i:1;s:10:\"11-03-2025\";i:1;s:10:\"11-04-2025\";i:3;s:10:\"11-11-2025\";i:3;s:10:\"11-14-2025\";i:1;s:10:\"11-18-2025\";i:1;s:10:\"11-19-2025\";i:4;s:10:\"11-21-2025\";i:1;s:10:\"11-25-2025\";i:4;s:10:\"11-28-2025\";i:1;s:10:\"11-29-2025\";i:2;s:10:\"12-02-2025\";i:1;s:10:\"12-05-2025\";i:1;s:10:\"12-07-2025\";i:2;s:10:\"12-12-2025\";i:3;s:10:\"12-16-2025\";i:1;s:10:\"12-17-2025\";i:2;s:10:\"12-18-2025\";i:2;s:10:\"12-19-2025\";i:1;s:10:\"12-26-2025\";i:2;s:10:\"01-07-2026\";i:1;s:10:\"01-14-2026\";i:2;s:10:\"01-19-2026\";i:1;s:10:\"01-20-2026\";i:4;s:10:\"01-21-2026\";i:2;s:10:\"01-22-2026\";i:1;s:10:\"01-23-2026\";i:1;s:10:\"01-24-2026\";i:1;s:10:\"01-27-2026\";i:2;s:10:\"01-28-2026\";i:1;s:10:\"01-31-2026\";i:1;s:10:\"02-01-2026\";i:1;s:10:\"02-13-2026\";i:2;s:10:\"02-14-2026\";i:1;s:10:\"02-15-2026\";i:1;s:10:\"02-18-2026\";i:1;s:10:\"02-21-2026\";i:3;s:10:\"02-22-2026\";i:2;s:10:\"02-24-2026\";i:2;s:10:\"02-25-2026\";i:1;s:10:\"02-27-2026\";i:1;s:10:\"02-28-2026\";i:2;s:10:\"03-01-2026\";i:1;s:10:\"03-04-2026\";i:1;s:10:\"03-07-2026\";i:1;s:10:\"03-10-2026\";i:2;s:10:\"03-12-2026\";i:2;s:10:\"03-13-2026\";i:1;s:10:\"03-14-2026\";i:4;s:10:\"03-26-2026\";i:1;s:10:\"03-29-2026\";i:1;s:10:\"03-30-2026\";i:1;s:10:\"03-31-2026\";i:1;s:10:\"04-05-2026\";i:2;s:10:\"04-22-2026\";i:1;s:10:\"04-24-2026\";i:3;}"],"houzez_recently_viewed":["2026-04-24 22:06:25"],"_edit_lock":["1747159232:261534437"],"_g_feedback_shortcode_72302b6c155f21e1695c99e6bb64a6811c6bd1d3":["\n\t\t\t\t[contact-field label=\"Naam\" type=\"name\"  required=\"true\" \/]\n\t\t\t\t[contact-field label=\"E-mail\" type=\"email\" required=\"true\" \/]\n\t\t\t\t[contact-field label=\"Site\" type=\"url\" \/]\n\t\t\t\t[contact-field label=\"Bericht\" type=\"textarea\" \/]"],"_g_feedback_shortcode_atts_72302b6c155f21e1695c99e6bb64a6811c6bd1d3":["a:17:{s:2:\"to\";s:28:\"lore.vanlangendyck@gmail.com\";s:7:\"subject\";s:27:\"[IMMO LA ESCAPADA] Benimeit\";s:12:\"show_subject\";s:2:\"no\";s:6:\"widget\";i:0;s:14:\"block_template\";N;s:19:\"block_template_part\";N;s:2:\"id\";i:32998;s:18:\"submit_button_text\";s:9:\"Verzenden\";s:14:\"customThankyou\";s:0:\"\";s:21:\"customThankyouHeading\";s:23:\"Je bericht is verzonden\";s:21:\"customThankyouMessage\";s:26:\"Bedankt voor je inzending!\";s:22:\"customThankyouRedirect\";s:0:\"\";s:10:\"jetpackCRM\";b:1;s:9:\"className\";N;s:9:\"postToUrl\";N;s:14:\"salesforceData\";N;s:12:\"hiddenFields\";N;}"],"_last_editor_used_jetpack":["block-editor"],"fave_property_agency":["6456"],"fave_agents":[""],"fave_floor_plans_enable":["disable"],"has_images":["1"],"copied_media_ids":["a:0:{}"],"referenced_media_ids":["a:1:{i:0;i:32999;}"]},"jetpack_likes_enabled":false,"jetpack_sharing_enabled":true,"_links":{"self":[{"href":"https:\/\/immolaescapada.com\/es\/wp-json\/wp\/v2\/properties\/32998","targetHints":{"allow":["GET"]}}],"collection":[{"href":"https:\/\/immolaescapada.com\/es\/wp-json\/wp\/v2\/properties"}],"about":[{"href":"https:\/\/immolaescapada.com\/es\/wp-json\/wp\/v2\/types\/property"}],"version-history":[{"count":1,"href":"https:\/\/immolaescapada.com\/es\/wp-json\/wp\/v2\/properties\/32998\/revisions"}],"predecessor-version":[{"id":37806,"href":"https:\/\/immolaescapada.com\/es\/wp-json\/wp\/v2\/properties\/32998\/revisions\/37806"}],"wp:featuredmedia":[{"embeddable":true,"href":"https:\/\/immolaescapada.com\/es\/wp-json\/wp\/v2\/media\/32999"}],"wp:attachment":[{"href":"https:\/\/immolaescapada.com\/es\/wp-json\/wp\/v2\/media?parent=32998"}],"wp:term":[{"taxonomy":"property_type","embeddable":true,"href":"https:\/\/immolaescapada.com\/es\/wp-json\/wp\/v2\/property_type?post=32998"},{"taxonomy":"property_status","embeddable":true,"href":"https:\/\/immolaescapada.com\/es\/wp-json\/wp\/v2\/property_status?post=32998"},{"taxonomy":"property_feature","embeddable":true,"href":"https:\/\/immolaescapada.com\/es\/wp-json\/wp\/v2\/property_feature?post=32998"},{"taxonomy":"property_label","embeddable":true,"href":"https:\/\/immolaescapada.com\/es\/wp-json\/wp\/v2\/property_label?post=32998"},{"taxonomy":"property_city","embeddable":true,"href":"https:\/\/immolaescapada.com\/es\/wp-json\/wp\/v2\/property_city?post=32998"}],"curies":[{"name":"wp","href":"https:\/\/api.w.org\/{rel}","templated":true}]}}

<property><id>15640674</id><date>2025-04-08 03:00:17</date><ref>VD1058</ref><price>1795000</price><currency>EUR</currency><price_freq>sale</price_freq><part_ownership>0</part_ownership><leasehold>0</leasehold><new_build>1</new_build><type>villa</type><location_id>1499</location_id><town>Moraira</town><postcode>03724</postcode><province>Alicante</province><location/><location_detail>Benimeit</location_detail><beds>4</beds><baths>4</baths><pool>1</pool><surface_area><built>460</built><plot>1472</plot></surface_area><energy_rating><consumption>X</consumption><emissions>X</emissions></energy_rating><url>X</url><desc><ca>reformat, cuina equipada, Aire condicionat, Calefacció per terra radiant, Jardí, Terrassa, armaris encastats, doble vidre, vista sobre la muntanya, part renovat, soterrani</ca><da>renoveret, monteret køkken, air conditioning, gulv varme, Garden, Terrasse, monteret garderobeskabe, dobbeltruder, Mountain visninger, del renoveret, kælder</da><de>Renoviert, Einbauküche, Klimaanlage, Fußbodenheizung, Garten, Terrasse, Einbauschränke, Doppelverglasung, Bergblick, Teilrenoviert, Keller</de><en>refurbished, fitted kitchen, air conditioning, floor heating, garden, terrace, fitted wardrobes, double glazing, mountain views, part renovated, basement</en><es>Esta villa de lujo con estilo tradicional mediterráneo tiene 3 plantas que están conectadas con una escalera interna. Cuenta con un amplio salón-comedor-cocina de planta abierta. La cocina está totalmente equipada y tiene una isla para cocinar. Tiene 4 baños y un aseo de invitados. La propiedad también dispone de sótano y lavadero.
Ubicada en una zona muy tranquila donde podrá disfrutar de un paisaje pintoresco rodeado de naturaleza a pocos kilómetros de las playas mas linda y de Moraira.
Esta casa le ofrece la versatilidad de personalizar los detalles y colores a su gusto y todos los materiales son de la máxima calidad.
Cuenta con aire acondicionado en toda la casa (conducta) y calefacción central. Puerta de entrada automática con entrada peatonal independiente e interfono. En el mismo nivel que la vivienda principal se encuentra la piscina y una amplia terraza.[IW]</es><fi>kunnostettu, kalustettu keittiö, ilmastointi, lattialämmitys, puutarha, terassi, kiinteät vaatekaapit, tuplaikkunat, vuoristonäkymät, osin uusittu, kellari</fi><fr>remis à neuf, cuisine équipée, climatisation, chauffage par le sol, jardin, terrasse, armoires encastrées, double vitrage, vue sur la montagne, partie rénovée, sous-sol</fr><it>ristrutturato, cucina componibile, aria condizionata, riscaldamento a pavimento, giardino, terrazza, armadi componibili, doppi vetri, vista sulle montagne, parte ristrutturata, seminterrato</it><nl>gerenoveerd, inbouwkeuken, Air conditioning, vloerverwarming, Tuin, Terras, Hoeslaken kasten, dubbele beglazing, uitzicht op de bergen, deel gerenoveerd, kelder</nl><no>oppusset, utstyrt kjøkken, klimaanlegg, gulvvarme, hage, terrasse, innebygget garderobeskap, doble vinduer, utsikt over fjell, delvis renovert, kjeller</no><pt>remodelado, cozinha equipada, ar condicionado, aquecimento de piso, jardim, terraço, roupeiros, vidros duplos, vista para a montanha, parte renovado, porão</pt><ru>отремонтированы, оборудованная кухня, Кондиционер, Напольное отопление, Сад, Терраса, встроенные шкафы, двойное остекление, вид на горы, часть отремонтированы, подвал</ru><sv>uppsnyggat, svensk köksstandard, luftkonditionerare, golvvärme, trädgård, terrass, inbyggda garderober, tvåglasfönster, bergsutsikt, delvis renoverat, källare</sv></desc><features><feature>refurbished</feature><feature>fitted kitchen</feature><feature>air conditioning</feature><feature>floor heating</feature><feature>garden</feature><feature>terrace</feature><feature>fitted wardrobes</feature><feature>double glazing</feature><feature>mountain views</feature><feature>part renovated</feature><feature>basement</feature></features><notes/><images><image id="284328913"><url>https://production-kyero-property-images.s3.amazonaws.com/15640/15640674/284328913_original.jpg?checksum=2f745873c2113fba539e638d108d3cc22a90c93f</url></image><image id="284328914"><url>https://production-kyero-property-images.s3.amazonaws.com/15640/15640674/284328914_original.jpg?checksum=0fb5e6b12bf84a22187d30dce1a7c8b79a95babd</url></image><image id="284328915"><url>https://production-kyero-property-images.s3.amazonaws.com/15640/15640674/284328915_original.jpg?checksum=f65063855233b12c8a69db5f7161f9ea269e20a3</url></image><image id="284328916"><url>https://production-kyero-property-images.s3.amazonaws.com/15640/15640674/284328916_original.jpg?checksum=7dd55ac32056dcb4c20ca4d36f4d9552174785e2</url></image><image id="284328917"><url>https://production-kyero-property-images.s3.amazonaws.com/15640/15640674/284328917_original.jpg?checksum=f65063855233b12c8a69db5f7161f9ea269e20a3</url></image></images></property>
